the greatest common factor of 246227 and 67009.
113
Calculate the greatest common factor of 21554344 and 6040.
1208
What is the greatest common factor of 24000 and 33520?
80
What is the highest common factor of 263302 and 646570?
1558
Calculate the highest common factor of 423 and 1493649.
9
What is the greatest common factor of 413 and 84744945?
59
Calculate the highest common divisor of 3186622 and 10224.
142
Calculate the highest common factor of 11 and 42468041.
11
What is the greatest common divisor of 546 and 6181224?
42
Calculate the greatest common factor of 18049536 and 27.
9
What is the highest common divisor of 4738621 and 92?
23
What is the greatest common factor of 108299919 and 168?
21
What is the highest common factor of 39073139 and 931?
931
What is the greatest common divisor of 3755581 and 1096?
137
What is the highest common divisor of 112637472 and 10545?
2109
Calculate the highest common divisor of 104098 and 101762.
146
What is the highest common factor of 368 and 2464933?
23
What is the greatest common factor of 1179395516 and 5564?
5564
What is the highest common divisor of 1178 and 2183122610?
1178
What is the greatest common factor of 219066 and 7134?
174
What is the highest common factor of 88 and 2064700?
44
What is the greatest common divisor of 84520229 and 31?
31
What is the greatest common divisor of 3250 and 2355250?
250
Calculate the highest common divisor of 1651 and 549148.
127
What is the greatest common factor of 1455921 and 162?
27
What is the greatest common divisor of 6054 and 7500?
6
Calculate the highest common factor of 15484 and 3674922.
158
Calculate the greatest common factor of 237325 and 88275.
275
Calculate the highest common divisor of 440 and 2785120.
40
Calculate the highest common factor of 45 and 4839192.
9
What is the greatest common factor of 473822 and 53?
1
What is the highest common divisor of 86099 and 13604?
179
Calculate the highest common divisor of 572824 and 1313552.
424
Calculate the greatest common divisor of 3077 and 129863.
17
Calculate the greatest common divisor of 962184 and 169482.
282
Calculate the highest common factor of 224775 and 55377900.
8325
Calculate the greatest common factor of 34255 and 2202395.
2015
Calculate the highest common divisor of 173076 and 156.
12
Calculate the highest common divisor of 3837 and 152129376.
3837
What is the highest common factor of 40140 and 3690?
90
Calculate the highest common factor of 244 and 726226838.
122
What is the highest common divisor of 830295 and 1835?
5
What is the highest common factor of 253841611 and 522?
29
What is the highest common divisor of 685436 and 80524?
1964
What is the greatest common factor of 106126 and 312362?
94
Calculate the greatest common divisor of 5459 and 265318.
53
What is the greatest common divisor of 9107080 and 532?
76
Calculate the highest common factor of 4950577 and 122.
61
What is the highest common factor of 40281 and 6131046?
1389
Calculate the greatest common divisor of 1173731 and 21131.
1921
What is the highest common factor of 527950 and 13550?
50
What is the greatest common factor of 96 and 848544?
96
Calculate the highest common factor of 4734364 and 170.
34
Calculate the highest common factor of 410730 and 2550.
30
What is the highest common factor of 4907930 and 1630?
1630
Calculate the highest common divisor of 5280 and 1005193200.
2640
What is the highest common divisor of 203014 and 639750?
1706
Calculate the highest common factor of 88140 and 351.
39
Calculate the highest common factor of 4 and 66021388.
4
What is the highest common factor of 31 and 224407326?
31
Calculate the greatest common divisor of 26554 and 150590.
22
What is the highest common factor of 1390215615 and 1860?
465
What is the highest common factor of 7996493 and 73?
73
What is the highest common divisor of 62618471 and 19?
19
Calculate the highest common factor of 45479 and 99134.
511
What is the greatest common divisor of 279049 and 308083?
1613
Calculate the greatest common divisor of 78 and 575094.
78
Calculate the greatest common divisor of 6027 and 13445622.
123
What is the greatest common divisor of 211242619 and 21?
7
What is the greatest common factor of 44505680 and 4560?
80
What is the greatest common factor of 13871 and 35552?
11
What is the highest common divisor of 8818612 and 3182?
86
What is the greatest common factor of 69058 and 1703746?
946
What is the highest common factor of 3546 and 6435399?
591
What is the greatest common factor of 8433 and 29669168?
937
Calculate the highest common divisor of 115901373 and 12.
3
Calculate the highest common factor of 1996 and 4947284.
4
Calculate the highest common divisor of 1249359 and 17865.
1191
What is the highest common divisor of 21654689 and 56?
7
Calculate the highest common factor of 9538001 and 253.
11
What is the highest common divisor of 382422360 and 1668?
1668
Calculate the highest common factor of 34850 and 46940.
10
What is the greatest common divisor of 200 and 3156952?
8
Calculate the greatest common divisor of 945 and 17686485.
135
Calculate the highest common divisor of 4819 and 716018.
61
Calculate the greatest common divisor of 7851 and 21632122.
2617
Calculate the greatest common factor of 11 and 33843282.
11
Calculate the greatest common factor of 431268 and 66068.
332
Calculate the highest common divisor of 4 and 5942116.
4
Calculate the highest common divisor of 1688134 and 1.
1
Calculate the greatest common factor of 5677 and 11985769.
811
Calculate the highest common factor of 3 and 5512186.
1
What is the greatest common factor of 19705 and 43859389?
3941
Calculate the greatest common divisor of 78 and 176306.
26
What is the greatest common divisor of 12404880 and 480?
240
Calculate the greatest common factor of 138354580 and 2660.
2660
What is the greatest common divisor of 1121 and 167147?
59
What is the highest common factor of 3792565 and 2345?
35
What is the greatest common divisor of 120 and 229267860?
60
Calculate the greatest common divisor of 142324 and 12852.
476
What is the highest common factor of 353659 and 153361?
251
What is the highest common factor of 187 and 1266243?
11
What is the greatest common factor of 15330 and 685105?
365
What is the greatest common factor of 7 and 2072238?
7
Calculate the greatest common divisor of 350550836 and 38.
38
What is the greatest common divisor of 7110 and 21711570?
2370
Calculate the highest common factor of 27060 and 3762231.
33
What is the highest common divisor of 1506 and 258?
6
What is the highest common factor of 33407682 and 28?
14
Calculate the highest common divisor of 576 and 104859432.
72
What is the highest common factor of 773 and 227489262?
773
What is the greatest common divisor of 186 and 39860916?
186
Calculate the greatest common divisor of 568475 and 275.
25
Calculate the highest common factor of 76335 and 37065.
105
What is the greatest common divisor of 4599632 and 4408?
232
What is the highest common factor of 1353792 and 24992?
352
What is the highest common factor of 14277019 and 2697?
899
Calculate the greatest common factor of 124 and 10261232.
4
Calculate the greatest common divisor of 1291 and 220798439.
1291
What is the greatest common divisor of 3792 and 1192821?
237
Calculate the greatest common factor of 3785 and 234555.
5
What is the greatest common factor of 4354295 and 3740?
935
Calculate the highest common divisor of 654 and 132297006.
654
What is the highest common divisor of 798 and 17358780?
114
Calculate the highest common divisor of 15822242 and 20712.
1726
Calculate the highest common factor of 8798105 and 7705.
335
Calculate the greatest common factor of 494543467 and 28533.
9511
Calculate the highest common divisor of 318283021 and 1106.
553
What is the greatest common factor of 68625 and 207705?
915
What is the highest common factor of 5688 and 2285445984?
1896
Calculate the greatest common factor of 208 and 3746704.
208
What is the highest common divisor of 929539 and 3692?
13
What is the highest common divisor of 28833113 and 53?
53
Calculate the greatest common divisor of 22816 and 7096.
8
What is the greatest common factor of 1836 and 3314628?
108
What is the highest common factor of 17304224 and 56?
56
Calculat